 the highest common factor of 26 and 635744564.
26
Calculate the highest common divisor of 575 and 6746015.
115
Calculate the highest common divisor of 23764794 and 6.
6
Calculate the highest common divisor of 1746 and 2189678.
194
What is the greatest common divisor of 20 and 222816?
4
Calculate the highest common factor of 145608423 and 207.
69
Calculate the highest common divisor of 3451 and 4503062.
493
What is the highest common divisor of 1199652 and 21?
3
Calculate the greatest common factor of 354 and 297714.
354
What is the greatest common factor of 43968357 and 57?
3
Calculate the highest common divisor of 2337 and 58452531.
57
Calculate the highest common factor of 13752879 and 294.
147
Calculate the greatest common divisor of 120 and 8919430.
10
What is the highest common divisor of 301 and 22733627?
301
What is the highest common factor of 39905 and 23460?
115
What is the greatest common factor of 1202673 and 3018?
1509
What is the highest common divisor of 569 and 63667117?
569
What is the highest common divisor of 44066 and 22990?
22
What is the highest common factor of 60270 and 4266870?
1230
What is the highest common factor of 16 and 32140496?
16
Calculate the greatest common divisor of 38992 and 21930563.
2437
Calculate the highest common divisor of 102 and 205374.
6
What is the highest common divisor of 84011674 and 248?
62
What is the highest common divisor of 92964800 and 24832?
6208
What is the highest common divisor of 15 and 665655645?
15
What is the highest common factor of 430 and 26905143?
43
Calculate the highest common factor of 220 and 1009910.
110
Calculate the highest common factor of 38868 and 4584948.
492
Calculate the greatest common divisor of 1826 and 417605287.
913
What is the greatest common factor of 19847 and 118459?
89
Calculate the greatest common factor of 1313323 and 3289.
253
Calculate the highest common factor of 3483258 and 37582.
1978
What is the highest common factor of 843117 and 48488?
319
Calculate the greatest common factor of 44 and 125834214.
22
What is the highest common divisor of 4902 and 783584700?
4902
Calculate the highest common divisor of 36605 and 29745.
5
Calculate the highest common factor of 2568 and 117715836.
1284
Calculate the greatest common divisor of 30629843 and 269639.
5737
Calculate the greatest common divisor of 279 and 557919.
9
Calculate the highest common divisor of 17364 and 35771287.
1447
What is the highest common factor of 983814 and 196638?
78
Calculate the highest common factor of 138984 and 22080.
24
Calculate the highest common factor of 2247856 and 464.
16
What is the highest common divisor of 39552 and 238308?
12
Calculate the greatest common factor of 664 and 560024.
8
What is the highest common divisor of 1095 and 356325?
15
What is the greatest common factor of 196750 and 1114392?
1574
Calculate the greatest common factor of 508 and 30538166.
254
Calculate the highest common factor of 5 and 25356335.
5
Calculate the highest common factor of 576816 and 135339.
591
Calculate the greatest common factor of 315326 and 4564362.
242
Calculate the highest common divisor of 4487 and 995473.
641
What is the highest common divisor of 908 and 939742772?
908
What is the greatest common factor of 177896 and 12765240?
4808
Calculate the greatest common factor of 2037499 and 1591897.
3229
Calculate the greatest common divisor of 26 and 222633151.
13
Calculate the greatest common factor of 250 and 18831250.
250
Calculate the highest common factor of 143 and 220231.
11
Calculate the greatest common divisor of 57615 and 739335.
345
What is the greatest common divisor of 253188 and 2589?
3
Calculate the highest common factor of 89359420 and 25.
5
Calculate the greatest common divisor of 1623308 and 36.
4
What is the highest common divisor of 23746 and 5233234?
62
Calculate the highest common divisor of 3422052 and 38.
38
Calculate the highest common factor of 864467 and 2312.
17
What is the greatest common factor of 47580402 and 1359?
453
What is the greatest common divisor of 21636520 and 9717?
3239
What is the greatest common factor of 2202096 and 2736?
48
What is the highest common factor of 50931945 and 1395?
45
What is the greatest common factor of 139 and 10394281?
139
Calculate the greatest common divisor of 10 and 166382710.
10
What is the greatest common divisor of 38109 and 15735?
3
What is the highest common factor of 4230 and 4407210?
90
Calculate the greatest common factor of 25478434 and 276.
46
Calculate the highest common divisor of 50231183 and 28369.
2579
What is the greatest common factor of 3580 and 7537332?
716
What is the greatest common factor of 1000415316 and 12?
12
What is the highest common factor of 1218498 and 25191?
933
Calculate the greatest common divisor of 1062 and 13291461.
531
Calculate the greatest common factor of 14116312 and 784.
392
What is the highest common factor of 312 and 3984513?
39
What is the highest common divisor of 156948 and 38563206?
2706
Calculate the greatest common divisor of 66778 and 13303008.
346
Calculate the greatest common divisor of 670 and 29763100.
10
What is the greatest common divisor of 25160 and 5448160?
680
Calculate the greatest common factor of 341161236 and 31824.
7956
What is the highest common divisor of 1136034 and 816?
6
What is the highest common factor of 4529 and 118894661?
647
What is the greatest common factor of 895543676 and 8020?
1604
What is the highest common factor of 312 and 3845832?
24
What is the highest common divisor of 775 and 13361124?
31
Calculate the greatest common factor of 745550 and 222425.
775
Calculate the highest common factor of 21360 and 113880.
120
Calculate the highest common divisor of 60107840 and 1352.
104
Calculate the greatest common divisor of 5304 and 5494638.
102
Calculate the greatest common divisor of 1106 and 34426.
14
What is the highest common divisor of 697235 and 6160?
385
What is the greatest common factor of 1119 and 2161094487?
1119
What is the greatest common divisor of 152 and 9719704?
8
What is the greatest common divisor of 200375 and 2625?
875
What is the highest common divisor of 47 and 58294429?
47
What is the highest common divisor of 24386 and 135082?
274
What is the highest common divisor of 2380 and 284393?
17
What is the greatest common factor of 14179 and 516889?
1289
What is the highest common factor of 944647 and 481?
37
What is the greatest common divisor of 5049960 and 285?
15
What is the highest common divisor of 1712 and 5949414?
214
What is the greatest common divisor of 3337950 and 10626?
462
What is the greatest common factor of 9933835 and 19570?
515
What is the greatest common factor of 14769559 and 56?
7
Calculate the greatest common factor of 4716 and 18687936.
1572
Calculate the highest common factor of 14090 and 15783618.
2818
Calculate the highest common divisor of 19916221 and 13.
13
What is the greatest common factor of 683 and 530281883?
683
What is the greatest common divisor of 58521375 and 3960?
495
What is the highest common divisor of 2878 and 2157061?
1439
Calculate the highest common factor of 55354 and 26156.
26
Calculate the highest common factor of 17097406 and 8899.
809
Calculate the greatest common divisor of 528 and 1906032.
48
Calculate the highest common divisor of 36 and 334754688.
12
Calculate the highest common divisor of 528 and 41691980.
44
Calculate the greatest common factor of 114054 and 80034.
6
What is the greatest common divisor of 153645400 and 29450?
950
Calculate the highest common divisor of 4994436 and 108.
12
What is the highest common factor of 54048 and 4216307?
563
Calculate the highest common factor of 14215395 and 159.
159
What is the highest common divisor of 2392 and 2090309?
299
What is the highest common divisor of 8148 and 117186864?
1164
What is the highest common factor of 5749854 and 63756?
66
What is the highest common divisor of 109568 and 3165184?
1024
Calculate the highest common factor of 26355 and 5598915.
105
What is the highest common factor of 28043124 and 4572?
1524
Calculate the highest common factor of 264 and 17144886.
66
Calculate the greatest common factor of 13326949 and 623.
89
Calculate the greatest common factor of 26100 and 180380.
580
What is t